{"id":248,"date":"2026-02-03T08:36:38","date_gmt":"2026-02-03T08:36:38","guid":{"rendered":"https:\/\/murielfaure.fr\/?page_id=248"},"modified":"2026-02-03T09:53:49","modified_gmt":"2026-02-03T09:53:49","slug":"credits","status":"publish","type":"page","link":"https:\/\/murielfaure.fr\/?page_id=248","title":{"rendered":"Cr\u00e9dits"},"content":{"rendered":"\n<h3 class=\"wp-block-heading\">Conception du site<\/h3>\n\n\n\n<p>Site con\u00e7u par Muriel Faure.<\/p>\n\n\n\n<p><\/p>\n\n\n\n<h3 class=\"wp-block-heading\">Design et identit\u00e9 visuelle<\/h3>\n\n\n\n<p><strong>Identit\u00e9 visuelle et direction artistique: Flodesign.<br><\/strong>Le design du site, les \u00e9l\u00e9ments graphiques et l\u2019identit\u00e9 visuelle sont des cr\u00e9ations originales r\u00e9alis\u00e9es par <a href=\"https:\/\/www.flodesign.fr\/\">Flodesign<\/a>.<br>Les droits d\u2019exploitation ont \u00e9t\u00e9 c\u00e9d\u00e9s \u00e0 Muriel Faure conform\u00e9ment au contrat de cession de droits d\u2019auteur.<\/p>\n\n\n\n<p><\/p>\n\n\n\n<h3 class=\"wp-block-heading\">Photographies et visuels<\/h3>\n\n\n\n<p>Visuels et images:<br>Muriel Faure<br>Banque d&#8217;images <a href=\"https:\/\/www.feldenkrais-france.org\/\">Feldenkrais<\/a><br>iStock.com\/<a href=\"https:\/\/www.istockphoto.com\/fr\/portfolio\/lirtlon?mediatype=photography\">lirtlon<\/a>\/<a href=\"https:\/\/www.istockphoto.com\/fr\/portfolio\/KhanchitKhirisutchalual?mediatype=photography\">Khanchit Khirisutchalual<\/a><\/p>\n\n\n\n<p><\/p>\n\n\n\n<h3 class=\"wp-block-heading\">M\u00e9thode Feldenkrais<\/h3>\n\n\n\n<p>La M\u00e9thode Feldenkrais\u00ae est une approche d\u2019\u00e9ducation somatique d\u00e9velopp\u00e9e par Moshe Feldenkrais.<\/p>\n","protected":false},"excerpt":{"rendered":"<p>Conception du site Site con\u00e7u par Muriel Faure. Design et identit\u00e9 visuelle Identit\u00e9 visuelle et direction artistique: Flodesign.Le design du site, les \u00e9l\u00e9ments graphiques et l\u2019identit\u00e9 visuelle sont des cr\u00e9ations originales r\u00e9alis\u00e9es par Flodesign.Les droits d\u2019exploitation ont \u00e9t\u00e9 c\u00e9d\u00e9s \u00e0 Muriel Faure conform\u00e9ment au contrat de cession de droits d\u2019auteur. Photographies et visuels Visuels et [&hellip;]<\/p>\n","protected":false},"author":2,"featured_media":0,"parent":0,"menu_order":0,"comment_status":"closed","ping_status":"closed","template":"","meta":{"footnotes":""},"class_list":["post-248","page","type-page","status-publish","hentry"],"_links":{"self":[{"href":"https:\/\/murielfaure.fr\/index.php?rest_route=\/wp\/v2\/pages\/248","targetHints":{"allow":["GET"]}}],"collection":[{"href":"https:\/\/murielfaure.fr\/index.php?rest_route=\/wp\/v2\/pages"}],"about":[{"href":"https:\/\/murielfaure.fr\/index.php?rest_route=\/wp\/v2\/types\/page"}],"author":[{"embeddable":true,"href":"https:\/\/murielfaure.fr\/index.php?rest_route=\/wp\/v2\/users\/2"}],"replies":[{"embeddable":true,"href":"https:\/\/murielfaure.fr\/index.php?rest_route=%2Fwp%2Fv2%2Fcomments&post=248"}],"version-history":[{"count":4,"href":"https:\/\/murielfaure.fr\/index.php?rest_route=\/wp\/v2\/pages\/248\/revisions"}],"predecessor-version":[{"id":253,"href":"https:\/\/murielfaure.fr\/index.php?rest_route=\/wp\/v2\/pages\/248\/revisions\/253"}],"wp:attachment":[{"href":"https:\/\/murielfaure.fr\/index.php?rest_route=%2Fwp%2Fv2%2Fmedia&parent=248"}],"curies":[{"name":"wp","href":"https:\/\/api.w.org\/{rel}","templated":true}]}}